{"id":63,"date":"2015-08-22T10:30:25","date_gmt":"2015-08-22T10:30:25","guid":{"rendered":"http:\/\/demo.awethemes.com\/hillter\/?page_id=63"},"modified":"2021-07-10T15:26:20","modified_gmt":"2021-07-10T13:26:20","slug":"home","status":"publish","type":"page","link":"https:\/\/willabaltyk.com.pl\/de\/","title":{"rendered":"Home 1"},"content":{"rendered":"<p>[vc_row full_width=&#8221;stretch_row_content_no_spaces&#8221; enable_overlay=&#8221;&#8221; el_class=&#8221;awe-table&#8221; css=&#8221;.vc_custom_1477907238985{margin-bottom: 0px !important;}&#8221;][vc_column][rev_slider_vc alias=&#8221;hillter-slider&#8221;][\/vc_column][\/vc_row][vc_row full_width=&#8221;stretch_row&#8221; el_class=&#8221;check-availability&#8221; css=&#8221;.vc_custom_1455525117920{margin-top: -35px !important;margin-bottom: 0px !important;background-color: #344a71 !important;}&#8221;][vc_column offset=&#8221;vc_col-lg-3 vc_col-md-12&#8243;][vc_column_text size=&#8221;0&#8243;]<\/p>\n<h2><span style=\"color: #ffffff;\">Verf\u00fcgbarkeit pr\u00fcfen!<\/span><\/h2>\n<p>[\/vc_column_text][\/vc_column][vc_column el_class=&#8221;availability-form&#8221; offset=&#8221;vc_col-lg-9 vc_col-md-12&#8243;][vc_btn title=&#8221;RESERVIERUNG&#8221; style=&#8221;3d&#8221; shape=&#8221;round&#8221; color=&#8221;info&#8221; size=&#8221;lg&#8221; align=&#8221;center&#8221; link=&#8221;url:%2Frezerwacja|||&#8221;][\/vc_column][\/vc_row][vc_row][vc_column width=&#8221;1\/2&#8243;][vc_single_image image=&#8221;4091&#8243; img_size=&#8221;full&#8221; alignment=&#8221;center&#8221;][\/vc_column][vc_column width=&#8221;1\/2&#8243;]<div class=\"awe-special-heading text-left\" style=\"padding-bottom:4px;color:#232323;\"><h2>WILLA BA\u0141TYK<\/h2><div class=\"awe-subheading below\"><p>Wir laden Sie in die ganzj\u00e4hrig ge\u00f6ffnete Pension Willa Ba\u0142tyk ein<\/p><\/div><\/div>[vc_column_text size=&#8221;0&#8243;]Wir bieten attraktive Doppel- und Dreibettzimmer auf hohem Niveau.<\/p>\n<p>In jedem Zimmer finden Sie neben funktionellen M\u00f6beln ein Badezimmer mit Badekosmetik und Handt\u00fcchern, Internet, TV, K\u00fchlschrank, Wasserkocher mit Geschirr und t\u00e4glicher Auff\u00fcllung mit Kaffee und Tee. Die Zimmer im ersten und zweiten Stock verf\u00fcgen \u00fcber einen Balkon.<\/p>\n<p>Unsere Pension, in der Sie Ihr Haustier mitnehmen k\u00f6nnen, befindet sich im westlichen, ruhigen Wohnviertel von Mi\u0119dzyzdroje.<\/p>\n<p>Zum Meer sind es nur 150 m und zum Wald noch weniger, nur 80 m.<\/p>\n<p>Wir hoffen, dass Sie unser G\u00e4stehaus zum Ausruhen w\u00e4hlen, zu dem wir Sie von ganzem Herzen einladen![\/vc_column_text]<div class=\"awe-btn-container awe-btn-left\"><a class=\"awe-btn awe-btn-normal awe-btn-outline\" href=\"\/atrakcje-w-poblizu\" title=\"Zobacz atrakcje w pobli\u017cu\" style=\"color:;border-color:;\" target=\"_blank\">Weiterlesen<\/a><\/div>[\/vc_column][\/vc_row][vc_row enable_overlay=&#8221;&#8221; css=&#8221;.vc_custom_1464342924550{margin-top: 35px !important;margin-bottom: 25px !important;}&#8221;][vc_column width=&#8221;1\/2&#8243;]<div class=\"awe-special-heading text-left\" style=\"color:#232323;\"><h2>VERF\u00dcGBAR<\/h2><\/div>[vc_column_text size=&#8221;0&#8243;]in den Zimmern, die Ihnen zur Verf\u00fcgung stehen[\/vc_column_text][vc_row_inner][vc_column_inner width=&#8221;1\/2&#8243;]\t\t<div>\r\n\t\t\t<ul class=\"awe-icon2  awe-icon2--grid\">\r\n\t\t\t\t\r\n\t\t\t\t<li>\r\n\t\t\t\t\t<i class=\"awe-icon2__icon  hillter hillter-icon-cart\" style=\"color: #444444\"><\/i>\r\n\r\n\t\t\t\t\t\t\t\t\t\t\t<p class=\"awe-icon2__title--inline\">Wasserkocher<\/p>\r\n\t\t\t\t\t\t\t\t\t<\/li>\r\n\r\n\t\t\t\t\r\n\t\t\t\t<li>\r\n\t\t\t\t\t<i class=\"awe-icon2__icon  hillter2 hillter-icon-digital-tv\" style=\"color: #444444\"><\/i>\r\n\r\n\t\t\t\t\t\t\t\t\t\t\t<p class=\"awe-icon2__title--inline\">TV<\/p>\r\n\t\t\t\t\t\t\t\t\t<\/li>\r\n\r\n\t\t\t\t\r\n\t\t\t\t<li>\r\n\t\t\t\t\t<i class=\"awe-icon2__icon  hillter-icon-cloud\" style=\"color: #444444\"><\/i>\r\n\r\n\t\t\t\t\t\t\t\t\t\t\t<p class=\"awe-icon2__title--inline\">Balkon<\/p>\r\n\t\t\t\t\t\t\t\t\t<\/li>\r\n\r\n\t\t\t\t\r\n\t\t\t\t<li>\r\n\t\t\t\t\t<i class=\"awe-icon2__icon  fa fa-cutlery\" style=\"color: #444444\"><\/i>\r\n\r\n\t\t\t\t\t\t\t\t\t\t\t<p class=\"awe-icon2__title--inline\">Geschirr und Besteck<\/p>\r\n\t\t\t\t\t\t\t\t\t<\/li>\r\n\r\n\t\t\t\t\r\n\t\t\t\t<li>\r\n\t\t\t\t\t<i class=\"awe-icon2__icon  fa fa-credit-card\" style=\"color: #444444\"><\/i>\r\n\r\n\t\t\t\t\t\t\t\t\t\t\t<p class=\"awe-icon2__title--inline\">Bon turystyczny<\/p>\r\n\t\t\t\t\t\t\t\t\t<\/li>\r\n\r\n\t\t\t\t\t\t\t<\/ul>\r\n\t\t<\/div>\r\n\t\t[\/vc_column_inner][vc_column_inner width=&#8221;1\/2&#8243;]\t\t<div>\r\n\t\t\t<ul class=\"awe-icon2  awe-icon2--grid\">\r\n\t\t\t\t\r\n\t\t\t\t<li>\r\n\t\t\t\t\t<i class=\"awe-icon2__icon  fa fa-shower\" style=\"color: #444444\"><\/i>\r\n\r\n\t\t\t\t\t\t\t\t\t\t\t<p class=\"awe-icon2__title--inline\">Badezimmer in jedem Zimmer<\/p>\r\n\t\t\t\t\t\t\t\t\t<\/li>\r\n\r\n\t\t\t\t\r\n\t\t\t\t<li>\r\n\t\t\t\t\t<i class=\"awe-icon2__icon  fa fa-microchip\" style=\"color: #444444\"><\/i>\r\n\r\n\t\t\t\t\t\t\t\t\t\t\t<p class=\"awe-icon2__title--inline\">Handt\u00fccher<\/p>\r\n\t\t\t\t\t\t\t\t\t<\/li>\r\n\r\n\t\t\t\t\r\n\t\t\t\t<li>\r\n\t\t\t\t\t<i class=\"awe-icon2__icon  fa fa-shower\" style=\"color: #444444\"><\/i>\r\n\r\n\t\t\t\t\t\t\t\t\t\t\t<p class=\"awe-icon2__title--inline\">Badekosmetik<\/p>\r\n\t\t\t\t\t\t\t\t\t<\/li>\r\n\r\n\t\t\t\t\r\n\t\t\t\t<li>\r\n\t\t\t\t\t<i class=\"awe-icon2__icon  hillter-icon-cooker-hood\" style=\"color: #444444\"><\/i>\r\n\r\n\t\t\t\t\t\t\t\t\t\t\t<p class=\"awe-icon2__title--inline\">K\u00fchlschrank<\/p>\r\n\t\t\t\t\t\t\t\t\t<\/li>\r\n\r\n\t\t\t\t\t\t\t<\/ul>\r\n\t\t<\/div>\r\n\t\t[\/vc_column_inner][\/vc_row_inner][\/vc_column][vc_column width=&#8221;1\/2&#8243;][vc_single_image image=&#8221;4172&#8243; img_size=&#8221;full&#8221; alignment=&#8221;center&#8221;][\/vc_column][\/vc_row]<\/p>\n","protected":false},"excerpt":{"rendered":"<p>[vc_row full_width=&#8221;stretch_row_content_no_spaces&#8221; enable_overlay=&#8221;&#8221; el_class=&#8221;awe-table&#8221; css=&#8221;.vc_custom_1477907238985{margin-bottom: 0px !important;}&#8221;][vc_column][rev_slider_vc alias=&#8221;hillter-slider&#8221;][\/vc_column][\/vc_row][vc_row full_width=&#8221;stretch_row&#8221; el_class=&#8221;check-availability&#8221; css=&#8221;.vc_custom_1455525117920{margin-top: -35px !important;margin-bottom: 0px !important;background-color: #344a71 !important;}&#8221;][vc_column offset=&#8221;vc_col-lg-3 vc_col-md-12&#8243;][vc_column_text size=&#8221;0&#8243;] Verf\u00fcgbarkeit pr\u00fcfen! [\/vc_column_text][\/vc_column][vc_column el_class=&#8221;availability-form&#8221; offset=&#8221;vc_col-lg-9 vc_col-md-12&#8243;][vc_btn title=&#8221;RESERVIERUNG&#8221; style=&#8221;3d&#8221; shape=&#8221;round&#8221; color=&#8221;info&#8221; size=&#8221;lg&#8221; align=&#8221;center&#8221; link=&#8221;url:%2Frezerwacja|||&#8221;][\/vc_column][\/vc_row][vc_row][vc_column width=&#8221;1\/2&#8243;][vc_single_image image=&#8221;4091&#8243; img_size=&#8221;full&#8221; alignment=&#8221;center&#8221;][\/vc_column][vc_column width=&#8221;1\/2&#8243;][vc_column_text size=&#8221;0&#8243;]Wir bieten attraktive Doppel- und Dreibettzimmer auf hohem Niveau. In jedem Zimmer finden Sie neben funktionellen M\u00f6beln &hellip;<\/p>\n","protected":false},"author":2,"featured_media":0,"parent":0,"menu_order":0,"comment_status":"closed","ping_status":"closed","template":"","meta":{"footnotes":""},"class_list":["post-63","page","type-page","status-publish","hentry"],"_links":{"self":[{"href":"https:\/\/willabaltyk.com.pl\/de\/wp-json\/wp\/v2\/pages\/63","targetHints":{"allow":["GET"]}}],"collection":[{"href":"https:\/\/willabaltyk.com.pl\/de\/wp-json\/wp\/v2\/pages"}],"about":[{"href":"https:\/\/willabaltyk.com.pl\/de\/wp-json\/wp\/v2\/types\/page"}],"author":[{"embeddable":true,"href":"https:\/\/willabaltyk.com.pl\/de\/wp-json\/wp\/v2\/users\/2"}],"replies":[{"embeddable":true,"href":"https:\/\/willabaltyk.com.pl\/de\/wp-json\/wp\/v2\/comments?post=63"}],"version-history":[{"count":59,"href":"https:\/\/willabaltyk.com.pl\/de\/wp-json\/wp\/v2\/pages\/63\/revisions"}],"predecessor-version":[{"id":4227,"href":"https:\/\/willabaltyk.com.pl\/de\/wp-json\/wp\/v2\/pages\/63\/revisions\/4227"}],"wp:attachment":[{"href":"https:\/\/willabaltyk.com.pl\/de\/wp-json\/wp\/v2\/media?parent=63"}],"curies":[{"name":"wp","href":"https:\/\/api.w.org\/{rel}","templated":true}]}}

<p>[vc_row full_width=&#8221;stretch_row_content_no_spaces&#8221; enable_overlay=&#8221;&#8221; el_class=&#8221;awe-table&#8221; css=&#8221;.vc_custom_1477907238985{margin-bottom: 0px !important;}&#8221;][vc_column][rev_slider_vc alias=&#8221;hillter-slider&#8221;][/vc_column][/vc_row][vc_row full_width=&#8221;stretch_row&#8221; el_class=&#8221;check-availability&#8221; css=&#8221;.vc_custom_1455525117920{margin-top: -35px !important;margin-bottom: 0px !important;background-color: #344a71 !important;}&#8221;][vc_column offset=&#8221;vc_col-lg-3 vc_col-md-12&#8243;][vc_column_text size=&#8221;0&#8243;]</p>
<h2><span style="color: #ffffff;">Verfügbarkeit prüfen!</span></h2>
<p>[/vc_column_text][/vc_column][vc_column el_class=&#8221;availability-form&#8221; offset=&#8221;vc_col-lg-9 vc_col-md-12&#8243;][vc_btn title=&#8221;RESERVIERUNG&#8221; style=&#8221;3d&#8221; shape=&#8221;round&#8221; color=&#8221;info&#8221; size=&#8221;lg&#8221; align=&#8221;center&#8221; link=&#8221;url:%2Frezerwacja|||&#8221;][/vc_column][/vc_row][vc_row][vc_column width=&#8221;1/2&#8243;][vc_single_image image=&#8221;4091&#8243; img_size=&#8221;full&#8221; alignment=&#8221;center&#8221;][/vc_column][vc_column width=&#8221;1/2&#8243;]<div class="awe-special-heading text-left" style="padding-bottom:4px;color:#232323;"><h2>WILLA BAŁTYK</h2><div class="awe-subheading below"><p>Wir laden Sie in die ganzjährig geöffnete Pension Willa Bałtyk ein</p></div></div>[vc_column_text size=&#8221;0&#8243;]Wir bieten attraktive Doppel- und Dreibettzimmer auf hohem Niveau.</p>
<p>In jedem Zimmer finden Sie neben funktionellen Möbeln ein Badezimmer mit Badekosmetik und Handtüchern, Internet, TV, Kühlschrank, Wasserkocher mit Geschirr und täglicher Auffüllung mit Kaffee und Tee. Die Zimmer im ersten und zweiten Stock verfügen über einen Balkon.</p>
<p>Unsere Pension, in der Sie Ihr Haustier mitnehmen können, befindet sich im westlichen, ruhigen Wohnviertel von Międzyzdroje.</p>
<p>Zum Meer sind es nur 150 m und zum Wald noch weniger, nur 80 m.</p>
<p>Wir hoffen, dass Sie unser Gästehaus zum Ausruhen wählen, zu dem wir Sie von ganzem Herzen einladen![/vc_column_text]<div class="awe-btn-container awe-btn-left"><a class="awe-btn awe-btn-normal awe-btn-outline" href="/atrakcje-w-poblizu" title="Zobacz atrakcje w pobliżu" style="color:;border-color:;" target="_blank">Weiterlesen</a></div>[/vc_column][/vc_row][vc_row enable_overlay=&#8221;&#8221; css=&#8221;.vc_custom_1464342924550{margin-top: 35px !important;margin-bottom: 25px !important;}&#8221;][vc_column width=&#8221;1/2&#8243;]<div class="awe-special-heading text-left" style="color:#232323;"><h2>VERFÜGBAR</h2></div>[vc_column_text size=&#8221;0&#8243;]in den Zimmern, die Ihnen zur Verfügung stehen[/vc_column_text][vc_row_inner][vc_column_inner width=&#8221;1/2&#8243;]		<div>
			<ul class="awe-icon2  awe-icon2--grid">
				
				<li>
					<i class="awe-icon2__icon  hillter hillter-icon-cart" style="color: #444444"></i>

											<p class="awe-icon2__title--inline">Wasserkocher</p>
									</li>

				
				<li>
					<i class="awe-icon2__icon  hillter2 hillter-icon-digital-tv" style="color: #444444"></i>

											<p class="awe-icon2__title--inline">TV</p>
									</li>

				
				<li>
					<i class="awe-icon2__icon  hillter-icon-cloud" style="color: #444444"></i>

											<p class="awe-icon2__title--inline">Balkon</p>
									</li>

				
				<li>
					<i class="awe-icon2__icon  fa fa-cutlery" style="color: #444444"></i>

											<p class="awe-icon2__title--inline">Geschirr und Besteck</p>
									</li>

				
				<li>
					<i class="awe-icon2__icon  fa fa-credit-card" style="color: #444444"></i>

											<p class="awe-icon2__title--inline">Bon turystyczny</p>
									</li>

							</ul>
		</div>
		[/vc_column_inner][vc_column_inner width=&#8221;1/2&#8243;]		<div>
			<ul class="awe-icon2  awe-icon2--grid">
				
				<li>
					<i class="awe-icon2__icon  fa fa-shower" style="color: #444444"></i>

											<p class="awe-icon2__title--inline">Badezimmer in jedem Zimmer</p>
									</li>

				
				<li>
					<i class="awe-icon2__icon  fa fa-microchip" style="color: #444444"></i>

											<p class="awe-icon2__title--inline">Handtücher</p>
									</li>

				
				<li>
					<i class="awe-icon2__icon  fa fa-shower" style="color: #444444"></i>

											<p class="awe-icon2__title--inline">Badekosmetik</p>
									</li>

				
				<li>
					<i class="awe-icon2__icon  hillter-icon-cooker-hood" style="color: #444444"></i>

											<p class="awe-icon2__title--inline">Kühlschrank</p>
									</li>

							</ul>
		</div>
		[/vc_column_inner][/vc_row_inner][/vc_column][vc_column width=&#8221;1/2&#8243;][vc_single_image image=&#8221;4172&#8243; img_size=&#8221;full&#8221; alignment=&#8221;center&#8221;][/vc_column][/vc_row]</p>

<p>[vc_row full_width=&#8221;stretch_row_content_no_spaces&#8221; enable_overlay=&#8221;&#8221; el_class=&#8221;awe-table&#8221; css=&#8221;.vc_custom_1477907238985{margin-bottom: 0px !important;}&#8221;][vc_column][rev_slider_vc alias=&#8221;hillter-slider&#8221;][/vc_column][/vc_row][vc_row full_width=&#8221;stretch_row&#8221; el_class=&#8221;check-availability&#8221; css=&#8221;.vc_custom_1455525117920{margin-top: -35px !important;margin-bottom: 0px !important;background-color: #344a71 !important;}&#8221;][vc_column offset=&#8221;vc_col-lg-3 vc_col-md-12&#8243;][vc_column_text size=&#8221;0&#8243;] Verfügbarkeit prüfen! [/vc_column_text][/vc_column][vc_column el_class=&#8221;availability-form&#8221; offset=&#8221;vc_col-lg-9 vc_col-md-12&#8243;][vc_btn title=&#8221;RESERVIERUNG&#8221; style=&#8221;3d&#8221; shape=&#8221;round&#8221; color=&#8221;info&#8221; size=&#8221;lg&#8221; align=&#8221;center&#8221; link=&#8221;url:%2Frezerwacja|||&#8221;][/vc_column][/vc_row][vc_row][vc_column width=&#8221;1/2&#8243;][vc_single_image image=&#8221;4091&#8243; img_size=&#8221;full&#8221; alignment=&#8221;center&#8221;][/vc_column][vc_column width=&#8221;1/2&#8243;][vc_column_text size=&#8221;0&#8243;]Wir bieten attraktive Doppel- und Dreibettzimmer auf hohem Niveau. In jedem Zimmer finden Sie neben funktionellen Möbeln &hellip;</p>
